1
What are the prime factors of 2464295816?
2, 41, 281, 26737
List the prime factors of 233019374.
2, 7, 17, 31, 31583
List the prime factors of 1212546532.
2, 61, 907, 5479
What are the prime factors of 3773716359?
3, 7, 109, 1279, 1289
What are the prime factors of 4579690?
2, 5, 157, 2917
List the prime factors of 110550674.
2, 13, 47, 6959
What are the prime factors of 3406353364?
2, 19, 1811, 24749
What are the prime factors of 31283927?
17, 1840231
List the prime factors of 71595795.
3, 5, 4773053
What are the prime factors of 2038314152?
2, 7, 5199781
List the prime factors of 5891708760.
2, 3, 5, 7, 173, 40543
What are the prime factors of 866849067?
3, 7, 79, 58057
List the prime factors of 5872232880.
2, 3, 5, 1597, 5107
List the prime factors of 347088827.
19, 18267833
List the prime factors of 311464854.
2, 3, 17, 1017859
List the prime factors of 222567292.
2, 19, 2928517
What are the prime factors of 1460580393?
3, 179, 1033, 2633
List the prime factors of 30527282.
2, 1373, 11117
List the prime factors of 885478143.
3, 11, 26832671
What are the prime factors of 465126040?
2, 5, 11628151
What are the prime factors of 215175791?
215175791
List the prime factors of 2044237263.
3, 23, 29626627
What are the prime factors of 44396600?
2, 5, 139, 1597
List the prime factors of 787840715.
5, 7867, 20029
List the prime factors of 59452881.
3, 19, 179, 5827
What are the prime factors of 2572645382?
2, 71, 3877, 4673
List the prime factors of 854686015.
5, 241, 709283
What are the prime factors of 5655022710?
2, 3, 5, 188500757
List the prime factors of 2193195571.
7, 2357, 132929
List the prime factors of 1279501204.
2, 319875301
List the prime factors of 1697002189.
1697002189
List the prime factors of 130986406.
2, 65493203
List the prime factors of 1352363736.
2, 3, 17, 463, 7159
List the prime factors of 566530225.
5, 29, 67, 107, 109
List the prime factors of 40627179.
3, 4514131
List the prime factors of 1970709107.
47, 233, 179957
What are the prime factors of 204599579?
431, 474709
What are the prime factors of 660111969?
3, 11, 20003393
List the prime factors of 405880641.
3, 19, 61, 167, 233
What are the prime factors of 142988816?
2, 109, 163, 503
What are the prime factors of 3114329982?
2, 3, 9623, 53939
What are the prime factors of 512170040?
2, 5, 12804251
What are the prime factors of 49116152?
2, 31, 73, 2713
List the prime factors of 73317431.
11, 2221, 3001
List the prime factors of 1143574362.
2, 3, 7, 197, 5119
What are the prime factors of 486329285?
5, 13, 17, 73, 6029
List the prime factors of 1249985906.
2, 13, 31, 1550851
List the prime factors of 2528543489.
31, 89, 916471
What are the prime factors of 200162197?
200162197
List the prime factors of 73454018.
2, 11, 303529
What are the prime factors of 74940554?
2, 13, 163, 17683
What are the prime factors of 908954870?
2, 5, 19, 4783973
List the prime factors of 9480591.
3, 351133
What are the prime factors of 5509011355?
5, 1101802271
List the prime factors of 6888625.
5, 55109
What are the prime factors of 107461364?
2, 47, 571603
List the prime factors of 488021331.
3, 7, 283, 11731
What are the prime factors of 225387765?
3, 5, 556513
List the prime factors of 218393654.
2, 109196827
What are the prime factors of 913296059?
13, 3079, 22817
List the prime factors of 5017575228.
2, 3, 17, 43, 33647
What are the prime factors of 273863487?
3, 91287829
List the prime factors of 26052719.
7, 11, 338347
What are the prime factors of 610348?
2, 53, 2879
List the prime factors of 64496260.
2, 5, 19, 8933
List the prime factors of 593346836.
2, 919, 161411
List the prime factors of 605527997.
17957, 33721
List the prime factors of 52686425.
5, 11, 17417
List the prime factors of 786630121.
151, 5209471
What are the prime factors of 141163275?
3, 5, 11, 397, 431
List the prime factors of 1430943252.
2, 3, 23, 5184577
List the prime factors of 866213120.
2, 5, 23, 29423
What are the prime factors of 1424404885?
5, 43, 154073
List the prime factors of 93182613.
3, 37, 839483
List the prime factors of 722401593.
3, 240800531
List the prime factors of 177491347.
11, 16135577
List the prime factors of 298590038.
2, 281, 531299
List the prime factors of 30490120.
2, 5, 762253
List the prime factors of 951810410.
2, 5, 1583, 60127
What are the prime factors of 68201212?
2, 17, 37, 27107
What are the prime factors of 642145577?
101, 6357877
What are the prime factors of 39989562?
2, 3, 577, 11551
What are the prime factors of 61233990?
2, 3, 5, 31, 65843
What are the prime factors of 38297988?
2, 3, 101, 3511
List the prime factors of 46275413.
53, 873121
What are the prime factors of 60131484?
2, 3, 7, 26513
List the prime factors of 467247474.
2, 3, 8652731
List the prime factors of 137867538.
2, 3, 22977923
What are the prime factors of 119009976?
2, 3, 193, 25693
List the prime factors of 1535778206.
2, 2389, 321427
What are the prime factors of 2808890200?
2, 5, 751, 18701
List the prime factors of 791696353.
7, 181, 624859
What are the prime factors of 1301927399?
37, 349, 100823
What are the prime factors of 34333827?
3, 11, 1040419
What are the prime factors of 1823631306?
2, 3, 7, 43419793
List the prime factors of 621343577.
621343577
What are the prime factors of 173300080?
2, 5, 2166251
What are the prime factors of 40954269?
3, 13651423
What are the prime factors of 2973938957?
11, 19, 229, 62137
What are the prime factors of 4220242584?
2, 3, 23, 89, 85903
What are the prime factors of 17724258?
2, 3, 37, 2957
What are the prime factors of 453709165?
5, 7, 13, 997163
List the prime factors of 256433312.
2, 29, 137, 2017
What are the prime factors of 1012356378?
2, 3, 11, 113, 45247
List the prime factors of 1370622886.
2, 67, 2203, 4643
What are the prime factors of 2232424637?
37, 3907, 15443
What are the prime factors of 249862148?
2, 79, 790703
What are the prime factors of 566237421?
3, 73, 861853
What are the prime factors of 49718872?
2, 7, 887837
What are the prime factors of 43161404?
2, 11, 13, 61, 1237
List the prime factors of 264246758.
2, 132123379
What are the prime factors of 8230631121?
3, 23, 1728761
List the prime factors of 2879414682.
2, 3, 383, 593, 2113
What are the prime factors of 124388834?
2, 41, 397, 3821
What are the prime factors of 50836822?
2, 25418411
What are the prime factors of 507369170?
2, 5, 7, 11, 97, 6793
List the prime factors of 351303639.
3, 97, 547, 2207
What are the prime factors of 94574892?
2, 3, 7881241
List the prime factors of 284547911.
199, 1429889
What are the prime factors of 135110084?
2, 17, 1986913
What are the prime factors of 2178404?
2, 544601
What are the prime factors of 26700611?
7, 3814373
List the prime factors of 432302440.
2, 5, 19, 31, 59, 311
List the prime factors of 5434524.
2, 3, 150959
What are the prime factors of 136783552?
2, 2137243
List the prime factors of 540983582.
2, 73, 3705367
List the prime factors of 2636130969.
3, 139, 281, 7499
List the prime factors of 3905229855.
3, 5, 260348657
What are the prime factors of 16442219?
431, 38149
What are the prime factors of 19912868?
2, 4978217
What are the prime factors of 831911885?
5, 7, 37, 642403
What are the prime factors of 566309128?
2, 7, 11, 23, 39971
What are the prime factors of 3491444654?
2, 449, 3888023
What are the prime factors of 594283302?
2, 3, 33015739
List the prime factors of 40926085.
5, 23, 15473
List the prime factors of 243073139.
31, 1951, 4019
What are the prime factors of 1484021897?
883, 1680659
List the prime factors of 230647744.
2, 3603871
What are the prime factors of 61799354?
2, 30899677
List the prime factors of 581799454.
2, 290899727
What are the prime factors of 51436476?
2, 3, 7, 13, 2243
What are the prime factors of 47945503?
109, 439867
List the prime factors of 827222017.
101, 937, 8741
What are the prime factors of 2666285853?
3, 7, 11, 1648909
List the prime factors of 22588078.
2, 461, 24499
What are the prime factors of 582283950?
2, 3, 5, 199, 19507
List the prime factors of 1357342577.
17, 19, 1201, 3499
What are the prime factors of 193016218?
2, 96508109
List the prime factors of 187141931.
187141931
What are the prime factors of 118899703?
13, 599, 15269
What are the prime factor